{"id":1789,"date":"2022-02-26T13:08:04","date_gmt":"2022-02-26T12:08:04","guid":{"rendered":"https:\/\/www.muzeumtrebisov.sk\/?page_id=1789"},"modified":"2022-02-26T13:12:26","modified_gmt":"2022-02-26T12:12:26","slug":"informovanie-dotknutej-osoby","status":"publish","type":"page","link":"https:\/\/www.muzeumtrebisov.sk\/hu\/informovanie-dotknutej-osoby\/","title":{"rendered":"Informovanie dotknutej osoby"},"content":{"rendered":"<section class=\"kc-elm kc-css-94507 kc_row\"><div class=\"kc-row-container  kc-container\"><div class=\"kc-wrap-columns\"><div class=\"kc-elm kc-css-884347 kc_col-sm-12 kc_column kc_col-sm-12\"><div class=\"kc-col-container\"><div class=\"kc-elm kc-css-397254 kc_text_block\"><\/p>\n<p>Informovanie dotknutej osoby s inform\u00e1ciami potrebn\u00fdmi k sprac\u00favaniu osobn\u00fdch \u00fadajov pod\u013ea \u010dl\u00e1nku 13 Nariadenia Eur\u00f3pskeho parlamentu a Rady (E\u00da) 2016\/679 z 27. m\u00e1ja 2016 o ochrane fyzick\u00fdch os\u00f4b pri sprac\u00favan\u00ed osobn\u00fdch \u00fadajov a o vo\u013enom pohybe tak\u00fdchto \u00fadajov, ktor\u00fdm sa zru\u0161uje smernica 95\/46\/ES (v\u0161eobecn\u00e9 nariadenie o ochrane \u00fadajov), resp. pod\u013ea \u00a7 19 ods. 1 a 2 z\u00e1kona \u010d. 18\/2018 Z. z. o ochrane osobn\u00fdch \u00fadajov a o zmene a doplnen\u00ed niektor\u00fdch z\u00e1konov.<\/p>\n<p>\n<\/div><div class=\"kc-elm kc-css-4522 kc-raw-code\"><a href=\"https:\/\/www.muzeumtrebisov.sk\/wp-content\/uploads\/2022\/02\/MaKCJZ_informacia_pre_dotknute_osoby.pdf\" class=\"about-three__content-link\">\r\n                        <i class=\"egypt-icon-download\"><\/i>\r\n                        <span>PDF s\u00fabor na stiahnutie<\/span>\r\n                    <\/a><\/div><\/div><\/div><\/div><\/div><\/section>","protected":false},"excerpt":{"rendered":"","protected":false},"author":1,"featured_media":0,"parent":0,"menu_order":0,"comment_status":"closed","ping_status":"closed","template":"","meta":{"om_disable_all_campaigns":false,"_vp_format_video_url":"","_vp_image_focal_point":[]},"aioseo_notices":[],"yoast_head":"<!-- This site is optimized with the Yoast SEO plugin v18.5.1 - https:\/\/yoast.com\/wordpress\/plugins\/seo\/ -->\n<title>Informovanie dotknutej osoby | M\u00fazeum Trebi\u0161ov - Ka\u0161tie\u013e Andr\u00e1ssyovcov<\/title>\n<meta name=\"robots\" content=\"index, follow, max-snippet:-1, max-image-preview:large, max-video-preview:-1\" \/>\n<link rel=\"canonical\" href=\"https:\/\/www.muzeumtrebisov.sk\/hu\/informovanie-dotknutej-osoby\/\" \/>\n<meta property=\"og:locale\" content=\"hu_HU\" \/>\n<meta property=\"og:type\" content=\"article\" \/>\n<meta property=\"og:title\" content=\"Informovanie dotknutej osoby | M\u00fazeum Trebi\u0161ov - Ka\u0161tie\u013e Andr\u00e1ssyovcov\" \/>\n<meta property=\"og:description\" content=\"Informovanie dotknutej osoby s inform\u00e1ciami potrebn\u00fdmi k sprac\u00favaniu osobn\u00fdch \u00fadajov pod\u013ea \u010dl\u00e1nku 13 Nariadenia Eur\u00f3pskeho parlamentu a Rady (E\u00da) 2016\/679 z 27. m\u00e1ja 2016 o ochrane fyzick\u00fdch os\u00f4b pri sprac\u00favan\u00ed osobn\u00fdch \u00fadajov a o vo\u013enom pohybe tak\u00fdchto \u00fadajov, ktor\u00fdm sa zru\u0161uje smernica 95\/46\/ES (v\u0161eobecn\u00e9 nariadenie o ochrane \u00fadajov), resp. pod\u013ea \u00a7 19 ods. 1 a\" \/>\n<meta property=\"og:url\" content=\"https:\/\/www.muzeumtrebisov.sk\/hu\/informovanie-dotknutej-osoby\/\" \/>\n<meta property=\"og:site_name\" content=\"M\u00fazeum Trebi\u0161ov - Ka\u0161tie\u013e Andr\u00e1ssyovcov\" \/>\n<meta property=\"article:publisher\" content=\"https:\/\/www.facebook.com\/muzeumtvkastielandrassyovcov\" \/>\n<meta property=\"article:modified_time\" content=\"2022-02-26T12:12:26+00:00\" \/>\n<meta property=\"og:image\" content=\"https:\/\/www.muzeumtrebisov.sk\/wp-content\/uploads\/2022\/04\/DSC_9950-scaled.jpg\" \/>\n\t<meta property=\"og:image:width\" content=\"2560\" \/>\n\t<meta property=\"og:image:height\" content=\"960\" \/>\n\t<meta property=\"og:image:type\" content=\"image\/jpeg\" \/>\n<meta name=\"twitter:card\" content=\"summary_large_image\" \/>\n<script type=\"application\/ld+json\" class=\"yoast-schema-graph\">{\"@context\":\"https:\/\/schema.org\",\"@graph\":[{\"@type\":\"Organization\",\"@id\":\"https:\/\/www.muzeumtrebisov.sk\/#organization\",\"name\":\"M\u00fazeum Trebi\u0161ov - Ka\u0161tie\u013e Andr\u00e1ssyovcov\",\"url\":\"https:\/\/www.muzeumtrebisov.sk\/\",\"sameAs\":[\"https:\/\/www.facebook.com\/muzeumtvkastielandrassyovcov\",\"https:\/\/www.instagram.com\/muzeumtrebisovkastielandrassy\/\",\"https:\/\/www.youtube.com\/channel\/UCprfZHvPNIxqZ2IHCDwfv1w\"],\"logo\":{\"@type\":\"ImageObject\",\"@id\":\"https:\/\/www.muzeumtrebisov.sk\/#logo\",\"inLanguage\":\"hu\",\"url\":\"https:\/\/www.muzeumtrebisov.sk\/wp-content\/uploads\/2022\/04\/dual-logo-color-hor.png\",\"contentUrl\":\"https:\/\/www.muzeumtrebisov.sk\/wp-content\/uploads\/2022\/04\/dual-logo-color-hor.png\",\"width\":749,\"height\":140,\"caption\":\"M\u00fazeum Trebi\u0161ov - Ka\u0161tie\u013e Andr\u00e1ssyovcov\"},\"image\":{\"@id\":\"https:\/\/www.muzeumtrebisov.sk\/#logo\"}},{\"@type\":\"WebSite\",\"@id\":\"https:\/\/www.muzeumtrebisov.sk\/#website\",\"url\":\"https:\/\/www.muzeumtrebisov.sk\/\",\"name\":\"M\u00fazeum Trebi\u0161ov - Ka\u0161tie\u013e Andr\u00e1ssyovcov\",\"description\":\"Hist\u00f3ria Andr\u00e1ssyovcov a ju\u017en\u00e9ho Zempl\u00edna\",\"publisher\":{\"@id\":\"https:\/\/www.muzeumtrebisov.sk\/#organization\"},\"potentialAction\":[{\"@type\":\"SearchAction\",\"target\":{\"@type\":\"EntryPoint\",\"urlTemplate\":\"https:\/\/www.muzeumtrebisov.sk\/?s={search_term_string}\"},\"query-input\":\"required name=search_term_string\"}],\"inLanguage\":\"hu\"},{\"@type\":\"WebPage\",\"@id\":\"https:\/\/www.muzeumtrebisov.sk\/hu\/informovanie-dotknutej-osoby\/#webpage\",\"url\":\"https:\/\/www.muzeumtrebisov.sk\/hu\/informovanie-dotknutej-osoby\/\",\"name\":\"Informovanie dotknutej osoby | M\u00fazeum Trebi\u0161ov - Ka\u0161tie\u013e Andr\u00e1ssyovcov\",\"isPartOf\":{\"@id\":\"https:\/\/www.muzeumtrebisov.sk\/#website\"},\"datePublished\":\"2022-02-26T12:08:04+00:00\",\"dateModified\":\"2022-02-26T12:12:26+00:00\",\"breadcrumb\":{\"@id\":\"https:\/\/www.muzeumtrebisov.sk\/hu\/informovanie-dotknutej-osoby\/#breadcrumb\"},\"inLanguage\":\"hu\",\"potentialAction\":[{\"@type\":\"ReadAction\",\"target\":[\"https:\/\/www.muzeumtrebisov.sk\/hu\/informovanie-dotknutej-osoby\/\"]}]},{\"@type\":\"BreadcrumbList\",\"@id\":\"https:\/\/www.muzeumtrebisov.sk\/hu\/informovanie-dotknutej-osoby\/#breadcrumb\",\"itemListElement\":[{\"@type\":\"ListItem\",\"position\":1,\"name\":\"Home\",\"item\":\"https:\/\/www.muzeumtrebisov.sk\/\"},{\"@type\":\"ListItem\",\"position\":2,\"name\":\"Informovanie dotknutej osoby\"}]}]}<\/script>\n<!-- \/ Yoast SEO plugin. -->","yoast_head_json":{"title":"Informovanie dotknutej osoby | M\u00fazeum Trebi\u0161ov - Ka\u0161tie\u013e Andr\u00e1ssyovcov","robots":{"index":"index","follow":"follow","max-snippet":"max-snippet:-1","max-image-preview":"max-image-preview:large","max-video-preview":"max-video-preview:-1"},"canonical":"https:\/\/www.muzeumtrebisov.sk\/hu\/informovanie-dotknutej-osoby\/","og_locale":"hu_HU","og_type":"article","og_title":"Informovanie dotknutej osoby | M\u00fazeum Trebi\u0161ov - Ka\u0161tie\u013e Andr\u00e1ssyovcov","og_description":"Informovanie dotknutej osoby s inform\u00e1ciami potrebn\u00fdmi k sprac\u00favaniu osobn\u00fdch \u00fadajov pod\u013ea \u010dl\u00e1nku 13 Nariadenia Eur\u00f3pskeho parlamentu a Rady (E\u00da) 2016\/679 z 27. m\u00e1ja 2016 o ochrane fyzick\u00fdch os\u00f4b pri sprac\u00favan\u00ed osobn\u00fdch \u00fadajov a o vo\u013enom pohybe tak\u00fdchto \u00fadajov, ktor\u00fdm sa zru\u0161uje smernica 95\/46\/ES (v\u0161eobecn\u00e9 nariadenie o ochrane \u00fadajov), resp. pod\u013ea \u00a7 19 ods. 1 a","og_url":"https:\/\/www.muzeumtrebisov.sk\/hu\/informovanie-dotknutej-osoby\/","og_site_name":"M\u00fazeum Trebi\u0161ov - Ka\u0161tie\u013e Andr\u00e1ssyovcov","article_publisher":"https:\/\/www.facebook.com\/muzeumtvkastielandrassyovcov","article_modified_time":"2022-02-26T12:12:26+00:00","og_image":[{"width":2560,"height":960,"url":"https:\/\/www.muzeumtrebisov.sk\/wp-content\/uploads\/2022\/04\/DSC_9950-scaled.jpg","type":"image\/jpeg"}],"twitter_card":"summary_large_image","schema":{"@context":"https:\/\/schema.org","@graph":[{"@type":"Organization","@id":"https:\/\/www.muzeumtrebisov.sk\/#organization","name":"M\u00fazeum Trebi\u0161ov - Ka\u0161tie\u013e Andr\u00e1ssyovcov","url":"https:\/\/www.muzeumtrebisov.sk\/","sameAs":["https:\/\/www.facebook.com\/muzeumtvkastielandrassyovcov","https:\/\/www.instagram.com\/muzeumtrebisovkastielandrassy\/","https:\/\/www.youtube.com\/channel\/UCprfZHvPNIxqZ2IHCDwfv1w"],"logo":{"@type":"ImageObject","@id":"https:\/\/www.muzeumtrebisov.sk\/#logo","inLanguage":"hu","url":"https:\/\/www.muzeumtrebisov.sk\/wp-content\/uploads\/2022\/04\/dual-logo-color-hor.png","contentUrl":"https:\/\/www.muzeumtrebisov.sk\/wp-content\/uploads\/2022\/04\/dual-logo-color-hor.png","width":749,"height":140,"caption":"M\u00fazeum Trebi\u0161ov - Ka\u0161tie\u013e Andr\u00e1ssyovcov"},"image":{"@id":"https:\/\/www.muzeumtrebisov.sk\/#logo"}},{"@type":"WebSite","@id":"https:\/\/www.muzeumtrebisov.sk\/#website","url":"https:\/\/www.muzeumtrebisov.sk\/","name":"M\u00fazeum Trebi\u0161ov - Ka\u0161tie\u013e Andr\u00e1ssyovcov","description":"Hist\u00f3ria Andr\u00e1ssyovcov a ju\u017en\u00e9ho Zempl\u00edna","publisher":{"@id":"https:\/\/www.muzeumtrebisov.sk\/#organization"},"potentialAction":[{"@type":"SearchAction","target":{"@type":"EntryPoint","urlTemplate":"https:\/\/www.muzeumtrebisov.sk\/?s={search_term_string}"},"query-input":"required name=search_term_string"}],"inLanguage":"hu"},{"@type":"WebPage","@id":"https:\/\/www.muzeumtrebisov.sk\/hu\/informovanie-dotknutej-osoby\/#webpage","url":"https:\/\/www.muzeumtrebisov.sk\/hu\/informovanie-dotknutej-osoby\/","name":"Informovanie dotknutej osoby | M\u00fazeum Trebi\u0161ov - Ka\u0161tie\u013e Andr\u00e1ssyovcov","isPartOf":{"@id":"https:\/\/www.muzeumtrebisov.sk\/#website"},"datePublished":"2022-02-26T12:08:04+00:00","dateModified":"2022-02-26T12:12:26+00:00","breadcrumb":{"@id":"https:\/\/www.muzeumtrebisov.sk\/hu\/informovanie-dotknutej-osoby\/#breadcrumb"},"inLanguage":"hu","potentialAction":[{"@type":"ReadAction","target":["https:\/\/www.muzeumtrebisov.sk\/hu\/informovanie-dotknutej-osoby\/"]}]},{"@type":"BreadcrumbList","@id":"https:\/\/www.muzeumtrebisov.sk\/hu\/informovanie-dotknutej-osoby\/#breadcrumb","itemListElement":[{"@type":"ListItem","position":1,"name":"Home","item":"https:\/\/www.muzeumtrebisov.sk\/"},{"@type":"ListItem","position":2,"name":"Informovanie dotknutej osoby"}]}]}},"_links":{"self":[{"href":"https:\/\/www.muzeumtrebisov.sk\/hu\/wp-json\/wp\/v2\/pages\/1789"}],"collection":[{"href":"https:\/\/www.muzeumtrebisov.sk\/hu\/wp-json\/wp\/v2\/pages"}],"about":[{"href":"https:\/\/www.muzeumtrebisov.sk\/hu\/wp-json\/wp\/v2\/types\/page"}],"author":[{"embeddable":true,"href":"https:\/\/www.muzeumtrebisov.sk\/hu\/wp-json\/wp\/v2\/users\/1"}],"replies":[{"embeddable":true,"href":"https:\/\/www.muzeumtrebisov.sk\/hu\/wp-json\/wp\/v2\/comments?post=1789"}],"version-history":[{"count":5,"href":"https:\/\/www.muzeumtrebisov.sk\/hu\/wp-json\/wp\/v2\/pages\/1789\/revisions"}],"predecessor-version":[{"id":1791,"href":"https:\/\/www.muzeumtrebisov.sk\/hu\/wp-json\/wp\/v2\/pages\/1789\/revisions\/1791"}],"wp:attachment":[{"href":"https:\/\/www.muzeumtrebisov.sk\/hu\/wp-json\/wp\/v2\/media?parent=1789"}],"curies":[{"name":"wp","href":"https:\/\/api.w.org\/{rel}","templated":true}]}}

<section class="kc-elm kc-css-94507 kc_row"><div class="kc-row-container  kc-container"><div class="kc-wrap-columns"><div class="kc-elm kc-css-884347 kc_col-sm-12 kc_column kc_col-sm-12"><div class="kc-col-container"><div class="kc-elm kc-css-397254 kc_text_block"></p>
<p>Informovanie dotknutej osoby s informáciami potrebnými k spracúvaniu osobných údajov podľa článku 13 Nariadenia Európskeho parlamentu a Rady (EÚ) 2016/679 z 27. mája 2016 o ochrane fyzických osôb pri spracúvaní osobných údajov a o voľnom pohybe takýchto údajov, ktorým sa zrušuje smernica 95/46/ES (všeobecné nariadenie o ochrane údajov), resp. podľa § 19 ods. 1 a 2 zákona č. 18/2018 Z. z. o ochrane osobných údajov a o zmene a doplnení niektorých zákonov.</p>
<p>
</div><div class="kc-elm kc-css-4522 kc-raw-code"><a href="https://www.muzeumtrebisov.sk/wp-content/uploads/2022/02/MaKCJZ_informacia_pre_dotknute_osoby.pdf" class="about-three__content-link">
                        <i class="egypt-icon-download"></i>
                        <span>PDF súbor na stiahnutie</span>
                    </a></div></div></div></div></div></section>

<!-- This site is optimized with the Yoast SEO plugin v18.5.1 - https://yoast.com/wordpress/plugins/seo/ -->
<title>Informovanie dotknutej osoby | Múzeum Trebišov - Kaštieľ Andrássyovcov</title>
<meta name="robots" content="index, follow, max-snippet:-1, max-image-preview:large, max-video-preview:-1" />
<link rel="canonical" href="https://www.muzeumtrebisov.sk/hu/informovanie-dotknutej-osoby/" />
<meta property="og:locale" content="hu_HU" />
<meta property="og:type" content="article" />
<meta property="og:title" content="Informovanie dotknutej osoby | Múzeum Trebišov - Kaštieľ Andrássyovcov" />
<meta property="og:description" content="Informovanie dotknutej osoby s informáciami potrebnými k spracúvaniu osobných údajov podľa článku 13 Nariadenia Európskeho parlamentu a Rady (EÚ) 2016/679 z 27. mája 2016 o ochrane fyzických osôb pri spracúvaní osobných údajov a o voľnom pohybe takýchto údajov, ktorým sa zrušuje smernica 95/46/ES (všeobecné nariadenie o ochrane údajov), resp. podľa § 19 ods. 1 a" />
<meta property="og:url" content="https://www.muzeumtrebisov.sk/hu/informovanie-dotknutej-osoby/" />
<meta property="og:site_name" content="Múzeum Trebišov - Kaštieľ Andrássyovcov" />
<meta property="article:publisher" content="https://www.facebook.com/muzeumtvkastielandrassyovcov" />
<meta property="article:modified_time" content="2022-02-26T12:12:26+00:00" />
<meta property="og:image" content="https://www.muzeumtrebisov.sk/wp-content/uploads/2022/04/DSC_9950-scaled.jpg" />
	<meta property="og:image:width" content="2560" />
	<meta property="og:image:height" content="960" />
	<meta property="og:image:type" content="image/jpeg" />
<meta name="twitter:card" content="summary_large_image" />
<script type="application/ld+json" class="yoast-schema-graph">{"@context":"https://schema.org","@graph":[{"@type":"Organization","@id":"https://www.muzeumtrebisov.sk/#organization","name":"Múzeum Trebišov - Kaštieľ Andrássyovcov","url":"https://www.muzeumtrebisov.sk/","sameAs":["https://www.facebook.com/muzeumtvkastielandrassyovcov","https://www.instagram.com/muzeumtrebisovkastielandrassy/","https://www.youtube.com/channel/UCprfZHvPNIxqZ2IHCDwfv1w"],"logo":{"@type":"ImageObject","@id":"https://www.muzeumtrebisov.sk/#logo","inLanguage":"hu","url":"https://www.muzeumtrebisov.sk/wp-content/uploads/2022/04/dual-logo-color-hor.png","contentUrl":"https://www.muzeumtrebisov.sk/wp-content/uploads/2022/04/dual-logo-color-hor.png","width":749,"height":140,"caption":"Múzeum Trebišov - Kaštieľ Andrássyovcov"},"image":{"@id":"https://www.muzeumtrebisov.sk/#logo"}},{"@type":"WebSite","@id":"https://www.muzeumtrebisov.sk/#website","url":"https://www.muzeumtrebisov.sk/","name":"Múzeum Trebišov - Kaštieľ Andrássyovcov","description":"História Andrássyovcov a južného Zemplína","publisher":{"@id":"https://www.muzeumtrebisov.sk/#organization"},"potentialAction":[{"@type":"SearchAction","target":{"@type":"EntryPoint","urlTemplate":"https://www.muzeumtrebisov.sk/?s={search_term_string}"},"query-input":"required name=search_term_string"}],"inLanguage":"hu"},{"@type":"WebPage","@id":"https://www.muzeumtrebisov.sk/hu/informovanie-dotknutej-osoby/#webpage","url":"https://www.muzeumtrebisov.sk/hu/informovanie-dotknutej-osoby/","name":"Informovanie dotknutej osoby | Múzeum Trebišov - Kaštieľ Andrássyovcov","isPartOf":{"@id":"https://www.muzeumtrebisov.sk/#website"},"datePublished":"2022-02-26T12:08:04+00:00","dateModified":"2022-02-26T12:12:26+00:00","breadcrumb":{"@id":"https://www.muzeumtrebisov.sk/hu/informovanie-dotknutej-osoby/#breadcrumb"},"inLanguage":"hu","potentialAction":[{"@type":"ReadAction","target":["https://www.muzeumtrebisov.sk/hu/informovanie-dotknutej-osoby/"]}]},{"@type":"BreadcrumbList","@id":"https://www.muzeumtrebisov.sk/hu/informovanie-dotknutej-osoby/#breadcrumb","itemListElement":[{"@type":"ListItem","position":1,"name":"Home","item":"https://www.muzeumtrebisov.sk/"},{"@type":"ListItem","position":2,"name":"Informovanie dotknutej osoby"}]}]}</script>
<!-- / Yoast SEO plugin. -->

Informovanie dotknutej osoby | Múzeum Trebišov - Kaštieľ Andrássyovcov

Informovanie dotknutej osoby s informáciami potrebnými k spracúvaniu osobných údajov podľa článku 13 Nariadenia Európskeho parlamentu a Rady (EÚ) 2016/679 z 27. mája 2016 o ochrane fyzických osôb pri spracúvaní osobných údajov a o voľnom pohybe takýchto údajov, ktorým sa zrušuje smernica 95/46/ES (všeobecné nariadenie o ochrane údajov), resp. podľa § 19 ods. 1 a

Múzeum Trebišov - Kaštieľ Andrássyovcov

História Andrássyovcov a južného Zemplína
