{"version":"1.0","provider_name":"M\u00fazeum Trebi\u0161ov - Ka\u0161tie\u013e Andr\u00e1ssyovcov","provider_url":"https:\/\/www.muzeumtrebisov.sk\/hu","title":"V\u00fdtvarn\u00e9 spektrum 2026 | M\u00fazeum Trebi\u0161ov - Ka\u0161tie\u013e Andr\u00e1ssyovcov","type":"rich","width":600,"height":338,"html":"<blockquote class=\"wp-embedded-content\" data-secret=\"4iFhEkXLVc\"><a href=\"https:\/\/www.muzeumtrebisov.sk\/hu\/event\/vytvarne-spektrum-2026-2\/\">V\u00fdtvarn\u00e9 spektrum 2026<\/a><\/blockquote><iframe sandbox=\"allow-scripts\" security=\"restricted\" src=\"https:\/\/www.muzeumtrebisov.sk\/hu\/event\/vytvarne-spektrum-2026-2\/embed\/#?secret=4iFhEkXLVc\" width=\"600\" height=\"338\" title=\"&#8220;V\u00fdtvarn\u00e9 spektrum 2026&#8221; &#8212; M\u00fazeum Trebi\u0161ov - Ka\u0161tie\u013e Andr\u00e1ssyovcov\" data-secret=\"4iFhEkXLVc\" frameborder=\"0\" marginwidth=\"0\" marginheight=\"0\" scrolling=\"no\" class=\"wp-embedded-content\"><\/iframe><script type=\"text\/javascript\">\n\/*! This file is auto-generated *\/\n!function(c,d){\"use strict\";var e=!1,o=!1;if(d.querySelector)if(c.addEventListener)e=!0;if(c.wp=c.wp||{},c.wp.receiveEmbedMessage);else if(c.wp.receiveEmbedMessage=function(e){var t=e.data;if(!t);else if(!(t.secret||t.message||t.value));else if(\/[^a-zA-Z0-9]\/.test(t.secret));else{for(var r,s,a,i=d.querySelectorAll('iframe[data-secret=\"'+t.secret+'\"]'),n=d.querySelectorAll('blockquote[data-secret=\"'+t.secret+'\"]'),o=new RegExp(\"^https?:$\",\"i\"),l=0;l<n.length;l++)n[l].style.display=\"none\";for(l=0;l<i.length;l++)if(r=i[l],e.source!==r.contentWindow);else{if(r.removeAttribute(\"style\"),\"height\"===t.message){if(1e3<(s=parseInt(t.value,10)))s=1e3;else if(~~s<200)s=200;r.height=s}if(\"link\"===t.message)if(s=d.createElement(\"a\"),a=d.createElement(\"a\"),s.href=r.getAttribute(\"src\"),a.href=t.value,!o.test(a.protocol));else if(a.host===s.host)if(d.activeElement===r)c.top.location.href=t.value}}},e)c.addEventListener(\"message\",c.wp.receiveEmbedMessage,!1),d.addEventListener(\"DOMContentLoaded\",t,!1),c.addEventListener(\"load\",t,!1);function t(){if(o);else{o=!0;for(var e,t,r,s=-1!==navigator.appVersion.indexOf(\"MSIE 10\"),a=!!navigator.userAgent.match(\/Trident.*rv:11\\.\/),i=d.querySelectorAll(\"iframe.wp-embedded-content\"),n=0;n<i.length;n++){if(!(r=(t=i[n]).getAttribute(\"data-secret\")))r=Math.random().toString(36).substr(2,10),t.src+=\"#?secret=\"+r,t.setAttribute(\"data-secret\",r);if(s||a)(e=t.cloneNode(!0)).removeAttribute(\"security\"),t.parentNode.replaceChild(e,t);t.contentWindow.postMessage({message:\"ready\",secret:r},\"*\")}}}}(window,document);\n<\/script>","thumbnail_url":"https:\/\/www.muzeumtrebisov.sk\/wp-content\/uploads\/2026\/03\/VYTVARNE-SPEKTRUM-scaled.jpg","thumbnail_width":1811,"thumbnail_height":2560,"description":"V\u00fdtvarn\u00e9 spektrum 2026 Sl\u00e1vnostn\u00e9 vyhodnotenie D\u00e1tum podujatia 13. marca 2026 \u010cas 16:00 Miesto udalosti Gal\u00e9ria Koniare\u0148 Inform\u00e1cie o podujat\u00ed \ud83c\udfa8 Srde\u010dne v\u00e1s poz\u00fdvame na sl\u00e1vnostn\u00e9 vyhodnotenie 63. ro\u010dn\u00edka celo\u0161t\u00e1tnej postupovej s\u00fa\u0165a\u017ee neprofesion\u00e1lnej v\u00fdtvarnej tvorby V\u00fdtvarn\u00e9 spektrum 2026. \ud83d\uddd3 13. marca 2026\u00a0o 16:00 hod. v\u00a0Gal\u00e9rii Koniare\u0148 spolo\u010dne ocen\u00edme talentovan\u00fdch autorov, ktor\u00fdch diela post\u00fapili do krajsk\u00e9ho kola"}

Múzeum Trebišov - Kaštieľ Andrássyovcov

Výtvarné spektrum 2026 | Múzeum Trebišov - Kaštieľ Andrássyovcov

<blockquote class="wp-embedded-content" data-secret="4iFhEkXLVc"><a href="https://www.muzeumtrebisov.sk/hu/event/vytvarne-spektrum-2026-2/">Výtvarné spektrum 2026</a></blockquote><iframe sandbox="allow-scripts" security="restricted" src="https://www.muzeumtrebisov.sk/hu/event/vytvarne-spektrum-2026-2/embed/#?secret=4iFhEkXLVc" width="600" height="338" title="&#8220;Výtvarné spektrum 2026&#8221; &#8212; Múzeum Trebišov - Kaštieľ Andrássyovcov" data-secret="4iFhEkXLVc" frameborder="0" marginwidth="0" marginheight="0" scrolling="no" class="wp-embedded-content"></iframe><script type="text/javascript">
/*! This file is auto-generated */
!function(c,d){"use strict";var e=!1,o=!1;if(d.querySelector)if(c.addEventListener)e=!0;if(c.wp=c.wp||{},c.wp.receiveEmbedMessage);else if(c.wp.receiveEmbedMessage=function(e){var t=e.data;if(!t);else if(!(t.secret||t.message||t.value));else if(/[^a-zA-Z0-9]/.test(t.secret));else{for(var r,s,a,i=d.querySelectorAll('iframe[data-secret="'+t.secret+'"]'),n=d.querySelectorAll('blockquote[data-secret="'+t.secret+'"]'),o=new RegExp("^https?:$","i"),l=0;l<n.length;l++)n[l].style.display="none";for(l=0;l<i.length;l++)if(r=i[l],e.source!==r.contentWindow);else{if(r.removeAttribute("style"),"height"===t.message){if(1e3<(s=parseInt(t.value,10)))s=1e3;else if(~~s<200)s=200;r.height=s}if("link"===t.message)if(s=d.createElement("a"),a=d.createElement("a"),s.href=r.getAttribute("src"),a.href=t.value,!o.test(a.protocol));else if(a.host===s.host)if(d.activeElement===r)c.top.location.href=t.value}}},e)c.addEventListener("message",c.wp.receiveEmbedMessage,!1),d.addEventListener("DOMContentLoaded",t,!1),c.addEventListener("load",t,!1);function t(){if(o);else{o=!0;for(var e,t,r,s=-1!==navigator.appVersion.indexOf("MSIE 10"),a=!!navigator.userAgent.match(/Trident.*rv:11\./),i=d.querySelectorAll("iframe.wp-embedded-content"),n=0;n<i.length;n++){if(!(r=(t=i[n]).getAttribute("data-secret")))r=Math.random().toString(36).substr(2,10),t.src+="#?secret="+r,t.setAttribute("data-secret",r);if(s||a)(e=t.cloneNode(!0)).removeAttribute("security"),t.parentNode.replaceChild(e,t);t.contentWindow.postMessage({message:"ready",secret:r},"*")}}}}(window,document);
</script>

Výtvarné spektrum 2026 Slávnostné vyhodnotenie Dátum podujatia 13. marca 2026 Čas 16:00 Miesto udalosti Galéria Koniareň Informácie o podujatí 🎨 Srdečne vás pozývame na slávnostné vyhodnotenie 63. ročníka celoštátnej postupovej súťaže neprofesionálnej výtvarnej tvorby Výtvarné spektrum 2026. 🗓 13. marca 2026 o 16:00 hod. v Galérii Koniareň spoločne oceníme talentovaných autorov, ktorých diela postúpili do krajského kola
